{"id":585,"date":"2026-03-29T14:14:25","date_gmt":"2026-03-29T12:14:25","guid":{"rendered":"https:\/\/camillanymand.dk\/?page_id=585"},"modified":"2026-04-09T12:15:35","modified_gmt":"2026-04-09T10:15:35","slug":"voelven-viljen-og-vejen","status":"publish","type":"page","link":"https:\/\/camillanymand.dk\/?page_id=585","title":{"rendered":"V\u00d8LVEN, VILJEN OG VEJEN"},"content":{"rendered":"\n<p class=\"wp-block-paragraph\"><\/p>\n\n\n\n<figure class=\"wp-block-image size-large\"><img loading=\"lazy\" decoding=\"async\" width=\"683\" height=\"1024\" src=\"https:\/\/camillanymand.dk\/wp-content\/uploads\/2026\/03\/WP_2126-Edit-copy-2-683x1024.jpg\" alt=\"\" class=\"wp-image-589\" srcset=\"https:\/\/camillanymand.dk\/wp-content\/uploads\/2026\/03\/WP_2126-Edit-copy-2-683x1024.jpg 683w, https:\/\/camillanymand.dk\/wp-content\/uploads\/2026\/03\/WP_2126-Edit-copy-2-200x300.jpg 200w, https:\/\/camillanymand.dk\/wp-content\/uploads\/2026\/03\/WP_2126-Edit-copy-2-768x1152.jpg 768w, https:\/\/camillanymand.dk\/wp-content\/uploads\/2026\/03\/WP_2126-Edit-copy-2-1024x1536.jpg 1024w, https:\/\/camillanymand.dk\/wp-content\/uploads\/2026\/03\/WP_2126-Edit-copy-2-1366x2048.jpg 1366w, https:\/\/camillanymand.dk\/wp-content\/uploads\/2026\/03\/WP_2126-Edit-copy-2-1140x1709.jpg 1140w, https:\/\/camillanymand.dk\/wp-content\/uploads\/2026\/03\/WP_2126-Edit-copy-2-scaled.jpg 1707w\" sizes=\"auto, (max-width: 683px) 100vw, 683px\" \/><\/figure>\n\n\n\n<p class=\"wp-block-paragraph\">.<\/p>\n\n\n\n<h2 class=\"wp-block-heading\">V\u00d8LVEN, VILJEN OG VEJEN<\/h2>\n\n\n\n<h4 class=\"wp-block-heading\">Juni, Agust, September 2026 &#8211; et fysisk samlingspunkt.<\/h4>\n\n\n\n<p class=\"wp-block-paragraph\">Tre sammenh\u00e6ngende kurser, der fungerer som en triologi og \u00e5bner for en proces, der kan str\u00e6kke sig over 3 m\u00e5neder fra tidlig sommer til sensommer. Vi arbejder dermed fysisk under yangenergierne og mulighederne for et skub i vores udvikling.<\/p>\n\n\n\n<p class=\"wp-block-paragraph\"><\/p>\n\n\n\n<h4 class=\"wp-block-heading\">Men hvad handler det om?<\/h4>\n\n\n\n<p class=\"wp-block-paragraph\">Det handler om at V\u00f8lven har f\u00e5et nye arbejdsopgaver, som tiden er g\u00e5et.<\/p>\n\n\n\n<p class=\"wp-block-paragraph\">Gamle ritualer synger m\u00e5ske p\u00e5 sidste vers, eller ogs\u00e5 skal essensen af dem tr\u00e6kkes ud og de skal finde nye vej i en ny tid.<\/p>\n\n\n\n<p class=\"wp-block-paragraph\">Nutidens v\u00f8lve (mand eller kvinde) lever p\u00e5 kanten af nyere tid og p\u00e5 kanten af en ny kraft.<\/p>\n\n\n\n<p class=\"wp-block-paragraph\">I mange tilf\u00e6lde lever den originale v\u00f8lvekraft stadig lettere skjult. Den lever i bevidstheden hos mennesker, der h\u00e1r eller \u00e9r i gang med at opdage, at der eksisterer en anden verden parallelt med den vi kalder almindelig dagligdag. Den eksisterer ikke som et alternativ, og er dermed ikke en flugtvej. Den eksisterer p\u00e5 samme tid, og den insisterer p\u00e5 en sammenh\u00e6ng.<\/p>\n\n\n\n<p class=\"wp-block-paragraph\">Mange mennesker m\u00e6rker denne kant, og m\u00e6rker hvad der sker indeni, n\u00e5r man n\u00e6rmer sig dette spor, og navnlig hvad der sker, n\u00e5r sporet tabes.<\/p>\n\n\n\n<p class=\"wp-block-paragraph\">Nutidens v\u00f8lve er b\u00e5de kvinden og manden, alder har ingen betydning. Tilgangen til bevidsthed har til geng\u00e6ld den st\u00f8rste betydning.<\/p>\n\n\n\n<p class=\"wp-block-paragraph\">Nutidens v\u00f8lve er en slags f\u00f8dselshj\u00e6lper, hvor gammel tid skal forenes med overordnet tid, fremtid og igennem kroppen, livet, f\u00f8lelserne og tankerne f\u00e5r den liv ind i dagligdagen. Nutidens v\u00f8lvekraft arbejder igennem kvantefeltet ind i noget der for den almindelige dagsbevidst ligner magi, men i virkeligheden indeholder gammel esoterisk viden og kontakten til den kvantefysiske sammenh\u00e6ng.<\/p>\n\n\n\n<p class=\"wp-block-paragraph\">Nutidens v\u00f8lve arbejder med sammenh\u00e6ngskraften, med energidata og energiregnskaber, med energetiske l\u00e6sninger og med et arbejde med synergi, heling og helhed.<\/p>\n\n\n\n<p class=\"wp-block-paragraph\">V\u00f8lveopgaven er en vej og ikke en formel eller noget der er afgr\u00e6nset til en weekend. Det hj\u00e6lper ikke at kl\u00e6de sig ud, forestille sig, eller forsvinde ind i et skuespil, i kostumer, som ikke har sin gang i hverdagen.<\/p>\n\n\n\n<p class=\"wp-block-paragraph\">V\u00f8lven arbejder med vejen i hverdagen \u2013 hver dag, hver time, hvert minut, hvert sekund. Og det det handler om indsigt, helbred og helhed.<\/p>\n\n\n\n<p class=\"wp-block-paragraph\">Igennem 3 moduler, hopper vi p\u00e5 V\u00f8lvetoget, og s\u00e6tter fra land i et arbejde med at finde, forst\u00e5 og integrere mere af denne sammeh\u00e6ng, for at skabe et tydligere landskab i dit indre, n\u00e5r det kommer til din v\u00f8lvekraft og din v\u00f8lvevej.<\/p>\n\n\n\n<h4 class=\"wp-block-heading\">PRAKTISK INFO<\/h4>\n\n\n\n<p class=\"wp-block-paragraph\">Tidspunkt: Torsdag den 18. juni, torsdag den 6. august og torsdag den 17. september. Alle dage fra 10 til ca 16<\/p>\n\n\n\n<p class=\"wp-block-paragraph\">Sted: Ebeltoftvej 120, 8544 Ommestrup \/ udend\u00f8rs, hvor naturen spiller en rolle i forl\u00f8bet<\/p>\n\n\n\n<p class=\"wp-block-paragraph\">Hvem kan v\u00e6re med: \u00c5bent for alle med interesse \/ plads til mindre hold, og derfor tilmelding efter f\u00f8rst til m\u00f8lle.<\/p>\n\n\n\n<p class=\"wp-block-paragraph\">Forplejning: der er cafe med snacks og kaffe\/the &#8211; madpakke medbringer man selv.<\/p>\n\n\n\n<p class=\"wp-block-paragraph\">Tilmelding til: info@camillanymand.dk<\/p>\n\n\n\n<p class=\"wp-block-paragraph\">Pris 1500 kr pr modul (ialt 4500 kr incl moms for hele forl\u00f8bet\/kan deles op i rater)<\/p>\n\n\n\n<p class=\"wp-block-paragraph\">Early bird senest 1. maj 1250 pr modul (ialt 3750 incl moms for hele forl\u00f8bet)<\/p>\n\n\n\n<p class=\"wp-block-paragraph\"><\/p>\n","protected":false},"excerpt":{"rendered":"<p>. V\u00d8LVEN, VILJEN OG VEJEN Juni, Agust, September 2026 &#8211; et fysisk samlingspunkt. Tre sammenh\u00e6ngende kurser, der fungerer som en triologi og \u00e5bner for en proces, der kan str\u00e6kke sig over 3 m\u00e5neder fra tidlig sommer til sensommer. Vi arbejder dermed fysisk under yangenergierne og mulighederne for et skub i vores udvikling. Men hvad handler det om? Det handler om at V\u00f8lven har f\u00e5et nye arbejdsopgaver, som tiden er g\u00e5et. Gamle ritualer synger m\u00e5ske p\u00e5 sidste vers, eller ogs\u00e5 skal essensen af dem tr\u00e6kkes ud og de skal finde nye vej i en ny tid. Nutidens v\u00f8lve (mand eller kvinde) lever p\u00e5 kanten af nyere tid og p\u00e5 kanten af en ny kraft. I mange tilf\u00e6lde lever den originale v\u00f8lvekraft stadig lettere skjult. Den lever i bevidstheden hos mennesker, der h\u00e1r eller \u00e9r i gang med at opdage, at der eksisterer en anden verden parallelt med den vi kalder almindelig dagligdag. Den eksisterer ikke som et alternativ, og er dermed ikke en flugtvej. Den eksisterer p\u00e5 samme tid, og den insisterer p\u00e5 en sammenh\u00e6ng. Mange mennesker m\u00e6rker denne kant, og m\u00e6rker hvad der sker indeni, n\u00e5r man n\u00e6rmer sig dette spor, og navnlig hvad der sker, n\u00e5r sporet tabes. Nutidens v\u00f8lve er b\u00e5de kvinden og manden, alder har ingen betydning. Tilgangen til bevidsthed har til geng\u00e6ld den st\u00f8rste betydning. Nutidens v\u00f8lve er en slags f\u00f8dselshj\u00e6lper, hvor gammel tid skal forenes med overordnet tid, fremtid og igennem kroppen, livet, f\u00f8lelserne og tankerne f\u00e5r den liv ind i dagligdagen. Nutidens v\u00f8lvekraft arbejder igennem kvantefeltet ind i noget der for den almindelige dagsbevidst ligner magi, men i virkeligheden indeholder gammel esoterisk viden og kontakten til den kvantefysiske sammenh\u00e6ng. Nutidens v\u00f8lve arbejder med sammenh\u00e6ngskraften, med energidata og energiregnskaber, med energetiske l\u00e6sninger og med et arbejde med synergi, heling og helhed. V\u00f8lveopgaven er en vej og ikke en formel eller noget der er afgr\u00e6nset til en weekend. Det hj\u00e6lper ikke at kl\u00e6de sig ud, forestille sig, eller forsvinde ind i et skuespil, i kostumer, som ikke har sin gang i hverdagen. V\u00f8lven arbejder med vejen i hverdagen \u2013 hver dag, hver time, hvert minut, hvert sekund. Og det det handler om indsigt, helbred og helhed. Igennem 3 moduler, hopper vi p\u00e5 V\u00f8lvetoget, og s\u00e6tter fra land i et arbejde med at finde, forst\u00e5 og integrere mere af denne sammeh\u00e6ng, for at skabe et tydligere landskab i dit indre, n\u00e5r det kommer til din v\u00f8lvekraft og din v\u00f8lvevej. PRAKTISK INFO Tidspunkt: Torsdag den 18. juni, torsdag den 6. august og torsdag den 17. september. Alle dage fra 10 til ca 16 Sted: Ebeltoftvej 120, 8544 Ommestrup \/ udend\u00f8rs, hvor naturen spiller en rolle i forl\u00f8bet Hvem kan v\u00e6re med: \u00c5bent for alle med interesse \/ plads til mindre hold, og derfor tilmelding efter f\u00f8rst til m\u00f8lle. Forplejning: der er cafe med snacks og kaffe\/the &#8211; madpakke medbringer man selv. Tilmelding til: info@camillanymand.dk Pris 1500 kr pr modul (ialt 4500 kr incl moms for hele forl\u00f8bet\/kan deles op i rater) Early bird senest 1. maj 1250 pr modul (ialt 3750 incl moms for hele forl\u00f8bet)<\/p>\n","protected":false},"author":1,"featured_media":0,"parent":0,"menu_order":0,"comment_status":"closed","ping_status":"closed","template":"","meta":{"footnotes":""},"class_list":["post-585","page","type-page","status-publish","hentry"],"_links":{"self":[{"href":"https:\/\/camillanymand.dk\/index.php?rest_route=\/wp\/v2\/pages\/585","targetHints":{"allow":["GET"]}}],"collection":[{"href":"https:\/\/camillanymand.dk\/index.php?rest_route=\/wp\/v2\/pages"}],"about":[{"href":"https:\/\/camillanymand.dk\/index.php?rest_route=\/wp\/v2\/types\/page"}],"author":[{"embeddable":true,"href":"https:\/\/camillanymand.dk\/index.php?rest_route=\/wp\/v2\/users\/1"}],"replies":[{"embeddable":true,"href":"https:\/\/camillanymand.dk\/index.php?rest_route=%2Fwp%2Fv2%2Fcomments&post=585"}],"version-history":[{"count":6,"href":"https:\/\/camillanymand.dk\/index.php?rest_route=\/wp\/v2\/pages\/585\/revisions"}],"predecessor-version":[{"id":600,"href":"https:\/\/camillanymand.dk\/index.php?rest_route=\/wp\/v2\/pages\/585\/revisions\/600"}],"wp:attachment":[{"href":"https:\/\/camillanymand.dk\/index.php?rest_route=%2Fwp%2Fv2%2Fmedia&parent=585"}],"curies":[{"name":"wp","href":"https:\/\/api.w.org\/{rel}","templated":true}]}}

VØLVEN, VILJEN OG VEJEN

<p class="wp-block-paragraph"></p>



<figure class="wp-block-image size-large"><img loading="lazy" decoding="async" width="683" height="1024" src="https://camillanymand.dk/wp-content/uploads/2026/03/WP_2126-Edit-copy-2-683x1024.jpg" alt="" class="wp-image-589" srcset="https://camillanymand.dk/wp-content/uploads/2026/03/WP_2126-Edit-copy-2-683x1024.jpg 683w, https://camillanymand.dk/wp-content/uploads/2026/03/WP_2126-Edit-copy-2-200x300.jpg 200w, https://camillanymand.dk/wp-content/uploads/2026/03/WP_2126-Edit-copy-2-768x1152.jpg 768w, https://camillanymand.dk/wp-content/uploads/2026/03/WP_2126-Edit-copy-2-1024x1536.jpg 1024w, https://camillanymand.dk/wp-content/uploads/2026/03/WP_2126-Edit-copy-2-1366x2048.jpg 1366w, https://camillanymand.dk/wp-content/uploads/2026/03/WP_2126-Edit-copy-2-1140x1709.jpg 1140w, https://camillanymand.dk/wp-content/uploads/2026/03/WP_2126-Edit-copy-2-scaled.jpg 1707w" sizes="auto, (max-width: 683px) 100vw, 683px" /></figure>



<p class="wp-block-paragraph">.</p>



<h2 class="wp-block-heading">VØLVEN, VILJEN OG VEJEN</h2>



<h4 class="wp-block-heading">Juni, Agust, September 2026 &#8211; et fysisk samlingspunkt.</h4>



<p class="wp-block-paragraph">Tre sammenhængende kurser, der fungerer som en triologi og åbner for en proces, der kan strække sig over 3 måneder fra tidlig sommer til sensommer. Vi arbejder dermed fysisk under yangenergierne og mulighederne for et skub i vores udvikling.</p>



<p class="wp-block-paragraph"></p>



<h4 class="wp-block-heading">Men hvad handler det om?</h4>



<p class="wp-block-paragraph">Det handler om at Vølven har fået nye arbejdsopgaver, som tiden er gået.</p>



<p class="wp-block-paragraph">Gamle ritualer synger måske på sidste vers, eller også skal essensen af dem trækkes ud og de skal finde nye vej i en ny tid.</p>



<p class="wp-block-paragraph">Nutidens vølve (mand eller kvinde) lever på kanten af nyere tid og på kanten af en ny kraft.</p>



<p class="wp-block-paragraph">I mange tilfælde lever den originale vølvekraft stadig lettere skjult. Den lever i bevidstheden hos mennesker, der hár eller ér i gang med at opdage, at der eksisterer en anden verden parallelt med den vi kalder almindelig dagligdag. Den eksisterer ikke som et alternativ, og er dermed ikke en flugtvej. Den eksisterer på samme tid, og den insisterer på en sammenhæng.</p>



<p class="wp-block-paragraph">Mange mennesker mærker denne kant, og mærker hvad der sker indeni, når man nærmer sig dette spor, og navnlig hvad der sker, når sporet tabes.</p>



<p class="wp-block-paragraph">Nutidens vølve er både kvinden og manden, alder har ingen betydning. Tilgangen til bevidsthed har til gengæld den største betydning.</p>



<p class="wp-block-paragraph">Nutidens vølve er en slags fødselshjælper, hvor gammel tid skal forenes med overordnet tid, fremtid og igennem kroppen, livet, følelserne og tankerne får den liv ind i dagligdagen. Nutidens vølvekraft arbejder igennem kvantefeltet ind i noget der for den almindelige dagsbevidst ligner magi, men i virkeligheden indeholder gammel esoterisk viden og kontakten til den kvantefysiske sammenhæng.</p>



<p class="wp-block-paragraph">Nutidens vølve arbejder med sammenhængskraften, med energidata og energiregnskaber, med energetiske læsninger og med et arbejde med synergi, heling og helhed.</p>



<p class="wp-block-paragraph">Vølveopgaven er en vej og ikke en formel eller noget der er afgrænset til en weekend. Det hjælper ikke at klæde sig ud, forestille sig, eller forsvinde ind i et skuespil, i kostumer, som ikke har sin gang i hverdagen.</p>



<p class="wp-block-paragraph">Vølven arbejder med vejen i hverdagen – hver dag, hver time, hvert minut, hvert sekund. Og det det handler om indsigt, helbred og helhed.</p>



<p class="wp-block-paragraph">Igennem 3 moduler, hopper vi på Vølvetoget, og sætter fra land i et arbejde med at finde, forstå og integrere mere af denne sammehæng, for at skabe et tydligere landskab i dit indre, når det kommer til din vølvekraft og din vølvevej.</p>



<h4 class="wp-block-heading">PRAKTISK INFO</h4>



<p class="wp-block-paragraph">Tidspunkt: Torsdag den 18. juni, torsdag den 6. august og torsdag den 17. september. Alle dage fra 10 til ca 16</p>



<p class="wp-block-paragraph">Sted: Ebeltoftvej 120, 8544 Ommestrup / udendørs, hvor naturen spiller en rolle i forløbet</p>



<p class="wp-block-paragraph">Hvem kan være med: Åbent for alle med interesse / plads til mindre hold, og derfor tilmelding efter først til mølle.</p>



<p class="wp-block-paragraph">Forplejning: der er cafe med snacks og kaffe/the &#8211; madpakke medbringer man selv.</p>



<p class="wp-block-paragraph">Tilmelding til: info@camillanymand.dk</p>



<p class="wp-block-paragraph">Pris 1500 kr pr modul (ialt 4500 kr incl moms for hele forløbet/kan deles op i rater)</p>



<p class="wp-block-paragraph">Early bird senest 1. maj 1250 pr modul (ialt 3750 incl moms for hele forløbet)</p>



<p class="wp-block-paragraph"></p>

<p>. VØLVEN, VILJEN OG VEJEN Juni, Agust, September 2026 &#8211; et fysisk samlingspunkt. Tre sammenhængende kurser, der fungerer som en triologi og åbner for en proces, der kan strække sig over 3 måneder fra tidlig sommer til sensommer. Vi arbejder dermed fysisk under yangenergierne og mulighederne for et skub i vores udvikling. Men hvad handler det om? Det handler om at Vølven har fået nye arbejdsopgaver, som tiden er gået. Gamle ritualer synger måske på sidste vers, eller også skal essensen af dem trækkes ud og de skal finde nye vej i en ny tid. Nutidens vølve (mand eller kvinde) lever på kanten af nyere tid og på kanten af en ny kraft. I mange tilfælde lever den originale vølvekraft stadig lettere skjult. Den lever i bevidstheden hos mennesker, der hár eller ér i gang med at opdage, at der eksisterer en anden verden parallelt med den vi kalder almindelig dagligdag. Den eksisterer ikke som et alternativ, og er dermed ikke en flugtvej. Den eksisterer på samme tid, og den insisterer på en sammenhæng. Mange mennesker mærker denne kant, og mærker hvad der sker indeni, når man nærmer sig dette spor, og navnlig hvad der sker, når sporet tabes. Nutidens vølve er både kvinden og manden, alder har ingen betydning. Tilgangen til bevidsthed har til gengæld den største betydning. Nutidens vølve er en slags fødselshjælper, hvor gammel tid skal forenes med overordnet tid, fremtid og igennem kroppen, livet, følelserne og tankerne får den liv ind i dagligdagen. Nutidens vølvekraft arbejder igennem kvantefeltet ind i noget der for den almindelige dagsbevidst ligner magi, men i virkeligheden indeholder gammel esoterisk viden og kontakten til den kvantefysiske sammenhæng. Nutidens vølve arbejder med sammenhængskraften, med energidata og energiregnskaber, med energetiske læsninger og med et arbejde med synergi, heling og helhed. Vølveopgaven er en vej og ikke en formel eller noget der er afgrænset til en weekend. Det hjælper ikke at klæde sig ud, forestille sig, eller forsvinde ind i et skuespil, i kostumer, som ikke har sin gang i hverdagen. Vølven arbejder med vejen i hverdagen – hver dag, hver time, hvert minut, hvert sekund. Og det det handler om indsigt, helbred og helhed. Igennem 3 moduler, hopper vi på Vølvetoget, og sætter fra land i et arbejde med at finde, forstå og integrere mere af denne sammehæng, for at skabe et tydligere landskab i dit indre, når det kommer til din vølvekraft og din vølvevej. PRAKTISK INFO Tidspunkt: Torsdag den 18. juni, torsdag den 6. august og torsdag den 17. september. Alle dage fra 10 til ca 16 Sted: Ebeltoftvej 120, 8544 Ommestrup / udendørs, hvor naturen spiller en rolle i forløbet Hvem kan være med: Åbent for alle med interesse / plads til mindre hold, og derfor tilmelding efter først til mølle. Forplejning: der er cafe med snacks og kaffe/the &#8211; madpakke medbringer man selv. Tilmelding til: info@camillanymand.dk Pris 1500 kr pr modul (ialt 4500 kr incl moms for hele forløbet/kan deles op i rater) Early bird senest 1. maj 1250 pr modul (ialt 3750 incl moms for hele forløbet)</p>
